d) = -d**2 - d + 2. Let s(l) = l**3 - 2*l**2 + 5*l + 15. Let z(a) = -2*i(a) + s(a). Determine z(-2).
-11
Let s(g) = g**3 + 5*g**2 + 4*g + 3. Suppose 5*b - 2*k - 9 = -14, -b - 5*k - 28 = 0. Give s(b).
9
Let v(g) be the third derivative of g**5/60 + 7*g**4/24 + 19*g**3/6 + 325*g**2 + 1. Give v(-3).
7
Let n(v) = 58 + 59 - 231 + 56 + 57 + 19*v. What is n(-3)?
-58
Let r(l) be the second derivative of 0*l**5 + 0 + 1/2*l**3 - 6*l**2 - 13*l - 1/12*l**4 + 1/120*l**6. Let s(z) be the first derivative of r(z). What is s(-3)?
-18
Suppose -224*z = 5*a - 222*z + 92, -5*a - 3*z - 98 = 0. Let k(w) = w**3 + 15*w**2 - 14*w + 14. Give k(a).
-18
Let g(f) = 22*f - 2. Let k(u) be the first derivative of u**4/4 + 5*u**3 - 17*u**2/2 - 18*u + 28. Let z be k(-16). Determine g(z).
-46
Let v(x) = -17*x - 5. Let g be v(-1). Let d(u) = 18 + g - 22 + u. Let f(a) = a**3 + 6*a**2 + a + 6. Let t be f(-6). Give d(t).
8
Let k(n) = 2*n - 6. Let z(r) = -r**3 + 18*r**2 - 16*r - 9. Let s be z(17). Suppose 0 = -h - 10*h + s*h. Determine k(h).
-6
Let h(w) be the first derivative of w**3/3 + 6*w**2 + 7*w + 1. Let x(y) = -606*y**2 + 13*y - 1. Let g be x(-1). Let u = 613 + g. What is h(u)?
-28
Let k(j) = j**2 - 25*j - 116. Let z be k(29). Suppose 3*q + 12 = z, 0*q + q - 29 = -3*x. Let f(y) = -y**2 + 9*y + 22. Give f(x).
0
Let f(v) = -v**3 + 8*v**2 + v - 8. Suppose 40*o = 38*o + 96. Suppose 46*z - 40*z = o. What is f(z)?
0
Let h(w) = -5 + 4*w + 3 + w. Let r(m) = -13*m**3 - 11*m**2 - 5*m - 4. Let d be r(-1). Let b be (d/(-5))/((-41)/205). Calculate h(b).
13
Let o(t) = -t**3 + 7*t**2 - 8*t - 2. Let l be 24 + 0/(-2) - (-33 + 31). Let d be (-2 - l/(-4))/((-18)/(-24)). What is o(d)?
-14
Let b(s) = -36*s + 167. Let h(i) = -i**3 + 4*i**2 - 76*i + 309. Let x be h(4). Give b(x).
-13
Let l = -36 + 36. Suppose 6*z + l = -0. Let c(o) = 7 + 10*o - 6*o**2 + o**3 - 12*o + 5*o + z*o**3. What is c(5)?
-3
Suppose 0 = 2*h - 2*a - 24, -3*a + 2*a = -1. Suppose 5*s = k + h - 26, -3*s = k + 3. Let o(m) = 3*m - 4. Give o(k).
5
Let q(n) = -8*n**2 - 3*n**3 + 124710*n + 4*n**3 + 124714*n - 179 - 249401*n. Give q(8).
5
Let x(g) be the first derivative of -3*g**2 + 17*g - 1208. What is x(8)?
-31
Let w(q) be the first derivative of -q**3/3 - 25*q**2/2 - 54*q + 936. Determine w(-23).
-8
Let s(j) = 5*j - 6*j - 3 + 1 + 1. Let v(y) = 3*y + 3. Let i = 307 - 309. Let r(p) = i*v(p) - 5*s(p). Calculate r(-6).
5
Suppose 26*t + 20 = 30*t. Suppose t = -a, c - 3 = a - 4. Let q(r) = -r**3 - 2*r + 5 + 1 - 7*r**2 + 2. What is q(c)?
-16
Let n = 1753 - 1739. Let g(c) = 2*c**3 - 28*c**2 - 7*c + 106. What is g(n)?
8
Suppose -3*q = -2*d - 17 + 9, -d + 6 = q. Let x(r) be the first derivative of -27 - 1/3*r**3 + 6*r + 5/2*r**d. Calculate x(7).
-8
Let b(s) = -s**2 - 6*s + 519. Let i be b(-26). Let t(v) = 6*v**3 + 4*v**2 + 2*v + 2. Determine t(i).
-2
Let m(b) = 4*b**2 - 39*b**2 - 20 - 17*b + 17*b**2 + 17*b**2. Give m(-14).
22
Let d(i) = i**2 + 4*i + 8. Let h(x) = -x**3 + 13*x**2 + 73*x + 149. Let y(t) = 19*d(t) - h(t). Let w be 5/((-15)/24) - -2. Calculate y(w).
-15
Let x(d) = -d - 1. Let b(c) = c**2 + 4*c - 97. Let h(n) = b(n) + 2*x(n). Calculate h(-10).
-19
Let v(q) = 2*q**3 + 7*q**2 + 9*q - 3. Let n(u) = 3*u**3 + 10*u**2 + 14*u - 6. Let a(y) = -3*n(y) + 5*v(y). Let c(z) = -z - 1. Let k be c(3). Give a(k).
7
Let r(j) = -2*j**2 + 36*j - 32. Let s be (53 + 3 + -5)*(-11 - 102/(-9)). Calculate r(s).
2
Let a be (-3)/(-9)*3 + -5. Let m(b) = -28 + 54*b + 58*b + b**2 - 163*b + 27 + 53*b. Give m(a).
7
Let s(y) = y**3 - 7*y**2 + 6. Let k be (-12)/8*(-11)/(165/40). Suppose 2*t + 4*w - 14 = w, 0 = k*w. Determine s(t).
6
Let x(r) = -9*r + 3. Let a be x(-1). Let n be (-52)/(-7) + a/21. Suppose -2*y + n = -0*y. Let w(q) = -2*q + 6. Calculate w(y).
-2
Let d(i) be the second derivative of 17*i**3/6 - 24*i**2 - i + 300. What is d(2)?
-14
Suppose 27*c - 29*c + 2 = 0. Let w(p) = -c - 7*p + 8 - 6 + 6*p. Suppose -2*o = -13 + 3. Calculate w(o).
-4
Let g(x) = -x + 4. Let r = 6 + -4. Suppose 6 = -r*n + 8. Let y be g(n). Let f(t) = -3*t - 2. Give f(y).
-11
Suppose -o - 2*h = -7*h - 23, 3*o + 5*h - 29 = 0. Suppose -o*p - 312 = -9*p. Let c = 68 + p. Let m(l) = l + 3. Calculate m(c).
-7
Let v be (-135)/5*-3*8/36. Let r(s) = v*s - 3*s - 14*s - 3. What is r(0)?
-3
Let a(f) = 3*f - 1. Let s be 8 - (-1 - -5) - 2. Suppose -s*d - 2*j + 26 = -0*j, -d + j = -7. Suppose -3*x - 3*m + 4 = -4*m, d = 5*m. Give a(x).
5
Let i(s) be the first derivative of -s**4/4 + 5*s**3 - 15*s**2/2 + 9*s - 964. Determine i(14).
-5
Let y(s) = 3*s - 8 + 4*s + 9*s - s - 54. Let j be y(4). Let m(v) = -9*v**2 - 2*v + 9. Let k(l) = -5*l**2 - l + 5. Let g(z) = 7*k(z) - 4*m(z). Calculate g(j).
1
Let v = 62 - 62. Let l(m) = -31 + 2*m + v*m + 37. Calculate l(-6).
-6
Let r(s) = -3 - 15 - 6582*s + 6602*s - 10 + s**3 + 21*s**2 - 2. Determine r(-20).
-30
Let g(n) be the third derivative of 23*n**5/60 - n**4/24 - 37*n**2 - 1. Give g(-1).
24
Suppose -k - f + 53 = 0, -2*f + 161 = 3*k + 2*f. Let u = 85 - k. Let j = -34 + u. Let b(a) = a**2 + a - 2. Calculate b(j).
-2
Let i(p) = -3*p**3 + 2*p**2 + p + 3. Let h be 3/8 - (2310/(-80))/11. Give i(h).
-57
Let l = -21 - -22. Let m = 1 + l. Let y(t) = 2 - 3 + m*t + 2 - 5*t. Calculate y(2).
-5
Let r(s) be the third derivative of s**6/120 - s**3/6 - 97*s**2. Give r(1).
0
Let j(y) = -2*y + 6. Let c(l) = 19*l - 1. Let h be c(-3). Let x = h + 71. Suppose 12*q = x*q - 4. Give j(q).
-2
Let h(a) = -a**3 + 13*a**2 - 12*a - 5. Let q be h(12). Let k(z) be the second derivative of z**5/20 + 5*z**4/12 - 5*z**3/6 - 2*z**2 - 2071*z. What is k(q)?
21
Let c(m) be the first derivative of -m**7/840 - m**6/90 - m**5/120 + m**4/24 - 2*m**3/3 - 2*m + 88. Let n(g) be the third derivative of c(g). Calculate n(-3).
-5
Let s(l) be the third derivative of l**5/12 + 7*l**4/24 + 7*l**3/6 - 2*l**2 + 75*l - 22. Calculate s(-6).
145
Let d(k) be the second derivative of -2*k**3/3 + 117*k**2/2 - 5133*k - 1. What is d(25)?
17
Let b(p) be the second derivative of p**4/12 + p**3/3 + 33*p**2/2 - 2481*p. Give b(-9).
96
Let m(d) = -46*d**2 - 128*d - 386. Let c(n) = -5*n**2 - 14*n - 43. Let x(h) = -28*c(h) + 3*m(h). Determine x(-5).
56
Let o(x) = -149*x + 4329. Let s be o(29). Let b(c) = c**2 - 10*c - 1. Give b(s).
-17
Suppose 0 = -4*g - v - 5, -4*g + 0 = 4*v - 4. Let a(o) be the first derivative of -3*o**2 - 1. What is a(g)?
12
Suppose -3 = -8*n + 5. Let k(s) = -2 - s - n + 2*s + 0*s. Suppose a - 4*d + 2 = -6*d, -3*a + d = -1. What is k(a)?
-3
Let r be 0/((-54)/6 + 4). Suppose 0 = p - 4*l - 10, 2*p + 2*p + l - 40 = r. Let o(c) = -c**2 + 10*c - 2. Determine o(p).
-2
Let q(z) be the third derivative of 0*z + 0 + 5/3*z**3 - 90*z**2 + 1/60*z**5 - 5/12*z**4. Calculate q(8).
-6
Let p(k) = k**3 - 8*k**2 + 5*k - 1. Let j = -27279 + 27286. Give p(j).
-15
Let i(s) = 15*s**2 - 1 - 20*s**2 + 8 + 15 + 6*s. Let u(g) = -11*g**2 + 11*g + 46. Let t(m) = -9*i(m) + 4*u(m). What is t(11)?
-3
Let r(n) = -55 - 57 + 2*n**2 + 113 + n + n**3. Let o be (3/3)/((-5)/(-15)). Let m = o + -1. Calculate r(m).
19
Let w(j) = j**2 + j + 6. Suppose 0*l + 18 = 4*l - 3*q, 0 = q - 2. Suppose l*y = 3*y. Give w(y).
6
Suppose -6*z = 2 - 20. Let t(f) = -7*f**2 - 7*f - 5. Suppose 4*c - 5*c + 4 = 0. Let q(u) = 6*u**2 + 6*u + 4. Let p(r) = c*q(r) + z*t(r). Determine p(-2).
7
Let s(f) = f**2 + 234*f - 472. Let v be s(2). Let q(c) = -c**3 + 2*c**2 - c - 23. What is q(v)?
-23
Let w(r) = r**3 - r**2 - 45*r - 94. Suppose -2*p + 20 - 40 = -4*z, 2*p = -z - 5. Calculate w(p).
6
Let z(n) = -n + 65. Let u(p) = 2*p - 71. Let w(m) = 4*u(m) + 5*z(m). Determine w(-11).
8
Let j be (-10 - (-819)/81)*18. Let a(q) = 2*q**2 + 4*q - 8. Calculate a(j).
8
Let b = 158 + -152. Let z(h) = -4 - b + 4 + 3 + 0*h + 10*h. What is z(1)?
7
Suppose 150*k = 153*k - 2*a + 56, -55 = 3*k - a. Let f(l) = -l**2 - 19*l + 2. Calculate f(k).
20
Let h(k) be the first derivative of k**3/3 - 9*k**2/2 - 114*k + 7398. Give h(15).
-24
Let t(k) = -7*k**2 - 259*k - 511. Let j be t(-2). Let b(z) = -z**2 - 16*z + 115. Give b(j).
10
Let a(v) = 17*v**2 - 70*v**3 + 69*v**3 + v + 8 - 32. Let h be 1 + 40/(-32) + 9*(-46)/(-24). Calculate a(h).
-7
Let u(l) = 6 + l**2 - 4*l**2 - 2*l**2 - 7*l + 4*l**2. Suppose 5*c = 4*c + 25. Suppose 4*i + 17 = -5*n, -2*i - c = -4*n + n. What is u(i)?
-2
Let c(h) = -193*h**2 - 3